{"id":12,"date":"2024-02-17T12:23:55","date_gmt":"2024-02-17T12:23:55","guid":{"rendered":"http:\/\/miradobek.pl\/?page_id=12"},"modified":"2026-01-24T13:32:41","modified_gmt":"2026-01-24T13:32:41","slug":"uslugi","status":"publish","type":"page","link":"https:\/\/miradobek.pl\/index.php\/uslugi\/","title":{"rendered":"Us\u0142ugi"},"content":{"rendered":"<p>Prowadz\u0119 terapi\u0119 os\u00f3b doros\u0142ych oraz nastolatk\u00f3w, od 16 r.\u017c, w metodologii poznawczo behawioralnej, z wykorzystaniem technik terapii schemat\u00f3w, ACT i TSR, w obszarach:<br \/>\n&#8211; zaburzenia nastroju (m.in.: depresja, CHAD)<br \/>\n&#8211; zaburzenia l\u0119kowe (m.in.: fobia spo\u0142eczna, zesp\u00f3\u0142 l\u0119ku uog\u00f3lnion<span style=\"font-size: 1rem;\">ego, napady paniki, OCD, PTSD, hipochondria),<br \/>\n<\/span><span style=\"font-size: 1rem;\">&#8211; zaburzenia osobowo\u015bci (m.in.: borderline),<br \/>\n&#8211; zaburzenia neurorozwojowe (m.in.: warsztatowe wsparcie przy ADHD, spektrum autyzmu)<br \/>\n<\/span><span style=\"font-size: 1rem;\">&#8211; kryzysy \u017cyciowe, problemy w rozwoju osobowym, problemy rodzinne, szkolne, zawodowe, \u017ca\u0142oba, zani\u017cone poczucie w\u0142asnej warto\u015bci, wypalenie zawodowe,<br \/>\n&#8211; kryzysy i problemy w zwi\u0105zkach,<br \/>\n&#8211; dysforia p\u0142ciowa<br \/>\n&#8211; potrzeba integracji do\u015bwiadcze\u0144 psychodelicznych.<\/span><\/p>\n<p>CENNIK<\/p>\n<p>Sesje indywidualne w gabinecie i online:<\/p>\n<p>w j. polskim, 50 min &#8211; 220 z\u0142<br \/>\nw j. polskim, 90 min &#8211; 400 z\u0142<br \/>\nw j. angielskim, 50 min &#8211; 270 z\u0142<br \/>\nw j. angielskim, 90 min &#8211; 490 z\u0142<\/p>\n<p><img loading=\"lazy\" decoding=\"async\" class=\" wp-image-156 alignleft\" style=\"font-size: 1rem;\" src=\"https:\/\/miradobek.pl\/wp-content\/uploads\/2024\/09\/Girl-w-Tipi-793-Edit-200x300.jpg\" alt=\"\" width=\"179\" height=\"269\" srcset=\"https:\/\/miradobek.pl\/wp-content\/uploads\/2024\/09\/Girl-w-Tipi-793-Edit-200x300.jpg 200w, https:\/\/miradobek.pl\/wp-content\/uploads\/2024\/09\/Girl-w-Tipi-793-Edit-683x1024.jpg 683w, https:\/\/miradobek.pl\/wp-content\/uploads\/2024\/09\/Girl-w-Tipi-793-Edit-768x1152.jpg 768w, https:\/\/miradobek.pl\/wp-content\/uploads\/2024\/09\/Girl-w-Tipi-793-Edit-1024x1536.jpg 1024w, https:\/\/miradobek.pl\/wp-content\/uploads\/2024\/09\/Girl-w-Tipi-793-Edit-1366x2048.jpg 1366w, https:\/\/miradobek.pl\/wp-content\/uploads\/2024\/09\/Girl-w-Tipi-793-Edit.jpg 1467w\" sizes=\"auto, (max-width: 179px) 100vw, 179px\" \/><\/p>\n","protected":false},"excerpt":{"rendered":"<p>Prowadz\u0119 terapi\u0119 os\u00f3b doros\u0142ych oraz nastolatk\u00f3w, od 16 r.\u017c, w metodologii poznawczo behawioralnej, z wykorzystaniem technik terapii schemat\u00f3w, ACT i TSR, w obszarach: &#8211; zaburzenia nastroju (m.in.: depresja, CHAD) &#8211; zaburzenia l\u0119kowe (m.in.: fobia spo\u0142eczna, zesp\u00f3\u0142 l\u0119ku uog\u00f3lnionego, napady paniki, OCD, PTSD, hipochondria), &#8211; zaburzenia osobowo\u015bci (m.in.: borderline), &#8211; zaburzenia neurorozwojowe (m.in.: warsztatowe wsparcie przy &hellip; <\/p>\n<p class=\"link-more\"><a href=\"https:\/\/miradobek.pl\/index.php\/uslugi\/\" class=\"more-link\">Czytaj dalej<span class=\"screen-reader-text\"> \u201eUs\u0142ugi\u201d<\/span><\/a><\/p>\n","protected":false},"author":1,"featured_media":0,"parent":0,"menu_order":0,"comment_status":"closed","ping_status":"closed","template":"","meta":{"footnotes":""},"class_list":["post-12","page","type-page","status-publish","hentry"],"_links":{"self":[{"href":"https:\/\/miradobek.pl\/index.php\/wp-json\/wp\/v2\/pages\/12","targetHints":{"allow":["GET"]}}],"collection":[{"href":"https:\/\/miradobek.pl\/index.php\/wp-json\/wp\/v2\/pages"}],"about":[{"href":"https:\/\/miradobek.pl\/index.php\/wp-json\/wp\/v2\/types\/page"}],"author":[{"embeddable":true,"href":"https:\/\/miradobek.pl\/index.php\/wp-json\/wp\/v2\/users\/1"}],"replies":[{"embeddable":true,"href":"https:\/\/miradobek.pl\/index.php\/wp-json\/wp\/v2\/comments?post=12"}],"version-history":[{"count":15,"href":"https:\/\/miradobek.pl\/index.php\/wp-json\/wp\/v2\/pages\/12\/revisions"}],"predecessor-version":[{"id":193,"href":"https:\/\/miradobek.pl\/index.php\/wp-json\/wp\/v2\/pages\/12\/revisions\/193"}],"wp:attachment":[{"href":"https:\/\/miradobek.pl\/index.php\/wp-json\/wp\/v2\/media?parent=12"}],"curies":[{"name":"wp","href":"https:\/\/api.w.org\/{rel}","templated":true}]}}